{"id":1488,"date":"2021-06-24T22:21:47","date_gmt":"2021-06-24T22:21:47","guid":{"rendered":"https:\/\/navalremo.pt\/site\/?post_type=product&#038;p=1488"},"modified":"2021-06-29T22:10:53","modified_gmt":"2021-06-29T22:10:53","slug":"rpf-narvik","status":"publish","type":"product","link":"https:\/\/navalremo.pt\/site\/produto\/rpf-narvik\/","title":{"rendered":"Kayak RPF Narvik"},"content":{"rendered":"<p>Situada no norte da Noruega, Narvik est\u00e1 \u201cdentro\u201d do Circulo Polar Artico. Desde os tempos de Revolu\u00e7\u00e3o Industrial, evidenciou-se por ser um porto naveg\u00e1vel durante praticamente todo o ano, para as exporta\u00e7\u00f5es de ferro oriundas da Su\u00e9cia, com particular relevo estrat\u00e9gico na 2\u00aa Grande Guerra. A sua situa\u00e7\u00e3o geogr\u00e1fica confere-lhe um clima relativamente ameno pois est\u00e1 abrigada por montanhas. Apesar do clima, as actividades outdoor s\u00e3o obrigat\u00f3rias e v\u00e3o desde o ski, ao mergulho para observa\u00e7\u00e3o de destro\u00e7os. Os mais pacatos poder\u00e3o percorrer alguns trajectos de kayak e deliciar-se com o sol da meia noite.<\/p>\n<p>Este kayak foi desenvolvido para ser um bom companheiro numa travessia exigente. Com pouco mais de 5 metros, possui uma proa que foi desenhada para permitir a ultrapassagem da vaga alta com conforto e em seguran\u00e7a. \u00c9 muito manobr\u00e1vel e tanto em remada alta como em remada baixa, \u00e9 uma embarca\u00e7\u00e3o veloz mas est\u00e1vel. <\/p>\n","protected":false},"excerpt":{"rendered":"<p>Como todos os RPF\u2019s, n\u00e3o \u00e9 \u00e0 prova de bala, mas quase. Resultou numa bela homenagem \u00e0 cidade Norueguesa de Narvik.<br \/>\nComo todos os RPF\u2019s&#8230;. tamb\u00e9m surfa!!<\/p>\n","protected":false},"featured_media":1489,"template":"","meta":{"spay_email":""},"product_cat":[46],"product_tag":[],"_links":{"self":[{"href":"https:\/\/navalremo.pt\/site\/wp-json\/wp\/v2\/product\/1488"}],"collection":[{"href":"https:\/\/navalremo.pt\/site\/wp-json\/wp\/v2\/product"}],"about":[{"href":"https:\/\/navalremo.pt\/site\/wp-json\/wp\/v2\/types\/product"}],"wp:featuredmedia":[{"embeddable":true,"href":"https:\/\/navalremo.pt\/site\/wp-json\/wp\/v2\/media\/1489"}],"wp:attachment":[{"href":"https:\/\/navalremo.pt\/site\/wp-json\/wp\/v2\/media?parent=1488"}],"wp:term":[{"taxonomy":"product_cat","embeddable":true,"href":"https:\/\/navalremo.pt\/site\/wp-json\/wp\/v2\/product_cat?post=1488"},{"taxonomy":"product_tag","embeddable":true,"href":"https:\/\/navalremo.pt\/site\/wp-json\/wp\/v2\/product_tag?post=1488"}],"curies":[{"name":"wp","href":"https:\/\/api.w.org\/{rel}","templated":true}]}}