{"id":997,"date":"2020-10-23T12:38:30","date_gmt":"2020-10-23T12:38:30","guid":{"rendered":"https:\/\/navalremo.pt\/site\/?page_id=997"},"modified":"2021-06-23T22:15:01","modified_gmt":"2021-06-23T22:15:01","slug":"o-simbolo","status":"publish","type":"page","link":"https:\/\/navalremo.pt\/site\/o-simbolo\/","title":{"rendered":"O s\u00edmbolo"},"content":{"rendered":"\n<div class=\"wp-block-image\"><figure class=\"aligncenter size-large\"><img data-attachment-id=\"1001\" data-permalink=\"https:\/\/navalremo.pt\/site\/o-simbolo\/navalremo_novologo-1\/\" data-orig-file=\"https:\/\/navalremo.pt\/site\/wp-content\/uploads\/2020\/10\/navalremo_novologo-1.png\" data-orig-size=\"315,433\" data-comments-opened=\"0\" data-image-meta=\"{&quot;aperture&quot;:&quot;0&quot;,&quot;credit&quot;:&quot;&quot;,&quot;camera&quot;:&quot;&quot;,&quot;caption&quot;:&quot;&quot;,&quot;created_timestamp&quot;:&quot;0&quot;,&quot;copyright&quot;:&quot;&quot;,&quot;focal_length&quot;:&quot;0&quot;,&quot;iso&quot;:&quot;0&quot;,&quot;shutter_speed&quot;:&quot;0&quot;,&quot;title&quot;:&quot;&quot;,&quot;orientation&quot;:&quot;0&quot;}\" data-image-title=\"navalremo_novologo-1\" data-image-description=\"\" data-medium-file=\"https:\/\/navalremo.pt\/site\/wp-content\/uploads\/2020\/10\/navalremo_novologo-1-218x300.png\" data-large-file=\"https:\/\/navalremo.pt\/site\/wp-content\/uploads\/2020\/10\/navalremo_novologo-1.png\" loading=\"lazy\" width=\"315\" height=\"433\" src=\"https:\/\/navalremo.pt\/site\/wp-content\/uploads\/2020\/10\/navalremo_novologo-1.png\" alt=\"\" class=\"wp-image-1001\" srcset=\"https:\/\/navalremo.pt\/site\/wp-content\/uploads\/2020\/10\/navalremo_novologo-1.png 315w, https:\/\/navalremo.pt\/site\/wp-content\/uploads\/2020\/10\/navalremo_novologo-1-218x300.png 218w\" sizes=\"(max-width: 315px) 100vw, 315px\" \/><\/figure><\/div>\n\n\n\n<figure class=\"wp-block-embed is-type-video is-provider-youtube wp-block-embed-youtube wp-embed-aspect-16-9 wp-has-aspect-ratio\"><div class=\"wp-block-embed__wrapper\">\n<iframe loading=\"lazy\" title=\"Naval Remo\" width=\"900\" height=\"506\" src=\"https:\/\/www.youtube.com\/embed\/Io3ltXMNt3I?start=4&#038;feature=oembed\" frameborder=\"0\" allow=\"accelerometer; autoplay; clipboard-write; encrypted-media; gyroscope; picture-in-picture\" allowfullscreen><\/iframe>\n<\/div><\/figure>\n\n\n\n<p>Sobre o S\u00edmbolo:<\/p>\n\n\n\n<p>A Naval Remo d\u00e1-se a conhecer como um grupo, uma ess\u00eancia ou base de um interesse comum, homog\u00e9neo.<\/p>\n\n\n\n<p>O seu s\u00edmbolo \u00e9 distinto, prende a aten\u00e7\u00e3o de qualquer pessoa que deste modo n\u00e3o lhe \u00e9 indiferente.<\/p>\n\n\n\n<p>Pretende-se representar esta unidade ou base de interesse comum recuperando elementos do primitivo emblema da coletividade (Associa\u00e7\u00e3o Naval 1\u00ba. de Maio) \u2013 nome (Naval), cores (Verde misturado com azul do s\u00edmbolo original) e remos (incorporados agora de forma expl\u00edcita na designa\u00e7\u00e3o Remo).<\/p>\n\n\n\n<p>Ainda recupera a ess\u00eancia do Clube Associa\u00e7\u00e3o Naval 1\u00ba de Maio, nomeadamente da sua sec\u00e7\u00e3o de Remo, atrav\u00e9s da figura da F\u00e9nix. Tal como esta figura, a sec\u00e7\u00e3o de Remo da Associa\u00e7\u00e3o Naval 1\u00ba de Maio viu destru\u00eddo o seu Pavilh\u00e3o N\u00e1utico por duas vezes, viu arder a sua sede, perdeu in\u00fameros elementos da sua hist\u00f3ria, ficou submersa numa inunda\u00e7\u00e3o, no entanto renasceu das cinzas erguendo-se sempre com renovada motiva\u00e7\u00e3o e for\u00e7a.<\/p>\n\n\n\n<p>O s\u00edmbolo ainda representa a vontade de fazer mais e melhor e a ambi\u00e7\u00e3o de um Clube que se pretende como uma refer\u00eancia ao n\u00edvel nacional e internacional, representada pela forma de voo ascendente da ave F\u00e9nix.<\/p>\n\n\n\n<p>Por fim incorpora o vermelho no fogo que sai do bico da F\u00e9nix como s\u00edmbolo da paix\u00e3o, da for\u00e7a, do calor, da vida (sangue) e da intensidade e envolv\u00eancia do Clube.<\/p>\n\n\n\n<p>Associa\u00e7\u00e3o Desportiva Naval Remo \u2013 ADNR<\/p>\n","protected":false},"excerpt":{"rendered":"<p>Sobre o S\u00edmbolo: A Naval Remo d\u00e1-se a conhecer como um grupo, uma ess\u00eancia ou base de um interesse comum, homog\u00e9neo. O seu s\u00edmbolo \u00e9 distinto, prende a aten\u00e7\u00e3o de qualquer pessoa que deste modo n\u00e3o lhe \u00e9 indiferente. Pretende-se representar esta unidade ou base de interesse comum recuperando elementos do primitivo emblema da coletividade [&hellip;]<\/p>\n","protected":false},"author":2,"featured_media":0,"parent":0,"menu_order":0,"comment_status":"closed","ping_status":"closed","template":"","meta":{"spay_email":""},"_links":{"self":[{"href":"https:\/\/navalremo.pt\/site\/wp-json\/wp\/v2\/pages\/997"}],"collection":[{"href":"https:\/\/navalremo.pt\/site\/wp-json\/wp\/v2\/pages"}],"about":[{"href":"https:\/\/navalremo.pt\/site\/wp-json\/wp\/v2\/types\/page"}],"author":[{"embeddable":true,"href":"https:\/\/navalremo.pt\/site\/wp-json\/wp\/v2\/users\/2"}],"replies":[{"embeddable":true,"href":"https:\/\/navalremo.pt\/site\/wp-json\/wp\/v2\/comments?post=997"}],"version-history":[{"count":4,"href":"https:\/\/navalremo.pt\/site\/wp-json\/wp\/v2\/pages\/997\/revisions"}],"predecessor-version":[{"id":1476,"href":"https:\/\/navalremo.pt\/site\/wp-json\/wp\/v2\/pages\/997\/revisions\/1476"}],"wp:attachment":[{"href":"https:\/\/navalremo.pt\/site\/wp-json\/wp\/v2\/media?parent=997"}],"curies":[{"name":"wp","href":"https:\/\/api.w.org\/{rel}","templated":true}]}}