{"id":396,"date":"2017-07-19T23:20:41","date_gmt":"2017-07-19T23:20:41","guid":{"rendered":"https:\/\/navalremo.pt\/site\/?page_id=396"},"modified":"2020-11-01T11:50:43","modified_gmt":"2020-11-01T11:50:43","slug":"plano-estrategico-2017-2021","status":"publish","type":"page","link":"https:\/\/navalremo.pt\/site\/o-nucleo\/plano-estrategico-2017-2021\/","title":{"rendered":"Estrat\u00e9gia"},"content":{"rendered":"\n<p><a><strong>Vis\u00e3o<\/strong><\/a><\/p>\n\n\n\n<p>A Naval como clube de refer\u00eancia na modalidade de Remo e na forma\u00e7\u00e3o de crian\u00e7as e jovens.<\/p>\n\n\n\n<p><\/p>\n\n\n\n<p><a>Miss\u00e3o<\/a><\/p>\n\n\n\n<p>Dinamizar e apoiar a pr\u00e1tica desportiva e l\u00fadica de desportos n\u00e1uticos, nomeadamente o Remo.<\/p>\n\n\n\n<p>A Naval como alavanca da promo\u00e7\u00e3o e desenvolvimento da educa\u00e7\u00e3o de crian\u00e7as, jovens e adultos sob o ponto de vista f\u00edsico e ps\u00edquico, preparando-os para a competi\u00e7\u00e3o desportiva e para uma melhor integra\u00e7\u00e3o na vida social, cultural e profissional.<\/p>\n\n\n\n<p><\/p>\n\n\n\n<p><a><strong>Resultado esperado<\/strong><\/a><\/p>\n\n\n\n<p>Sucesso desportivo e melhores pessoas integradas na sociedade.<\/p>\n\n\n\n<p><\/p>\n\n\n\n<p><a><strong>Valores<\/strong><\/a><\/p>\n\n\n\n<p><strong>Esp\u00edrito de Equipa<\/strong> \u2013 Treinar com<\/p>\n\n\n\n<p><strong>Solidariedade<\/strong> \u2013 Treinar ajudando<\/p>\n\n\n\n<p><strong>Esp\u00edrito de Sacrif\u00edcio<\/strong> \u2013 Treinar aceitando dificuldades em prole de melhores momentos<\/p>\n\n\n\n<p><strong>Ambi\u00e7\u00e3o<\/strong> \u2013 Querer fazer mais<\/p>\n\n\n\n<p><strong>Supera\u00e7\u00e3o<\/strong> \u2013 Treinar ultrapassando limites<\/p>\n\n\n\n<p><strong>Humildade<\/strong> \u2013 Treinar assumindo as responsabilidades, sem arrog\u00e2ncia, prepot\u00eancia ou soberba<\/p>\n\n\n\n<p><strong>Excel\u00eancia \u2013 <\/strong>Treinar para fazer melhor, fazer diferente<\/p>\n\n\n\n<p><\/p>\n\n\n\n<p><a><strong>Eixos Estrat\u00e9gicos<\/strong><\/a><\/p>\n\n\n\n<figure class=\"wp-block-image size-large\"><img data-attachment-id=\"1013\" data-permalink=\"https:\/\/navalremo.pt\/site\/o-nucleo\/plano-estrategico-2017-2021\/eixosestrategicos\/\" data-orig-file=\"https:\/\/navalremo.pt\/site\/wp-content\/uploads\/2020\/11\/eixosestrategicos.jpg\" data-orig-size=\"576,63\" data-comments-opened=\"0\" data-image-meta=\"{&quot;aperture&quot;:&quot;0&quot;,&quot;credit&quot;:&quot;Jo\\u00e3o Pedro Carvalho&quot;,&quot;camera&quot;:&quot;&quot;,&quot;caption&quot;:&quot;&quot;,&quot;created_timestamp&quot;:&quot;1604231250&quot;,&quot;copyright&quot;:&quot;&quot;,&quot;focal_length&quot;:&quot;0&quot;,&quot;iso&quot;:&quot;0&quot;,&quot;shutter_speed&quot;:&quot;0&quot;,&quot;title&quot;:&quot;&quot;,&quot;orientation&quot;:&quot;0&quot;}\" data-image-title=\"eixosestrategicos\" data-image-description=\"\" data-medium-file=\"https:\/\/navalremo.pt\/site\/wp-content\/uploads\/2020\/11\/eixosestrategicos-300x33.jpg\" data-large-file=\"https:\/\/navalremo.pt\/site\/wp-content\/uploads\/2020\/11\/eixosestrategicos.jpg\" loading=\"lazy\" width=\"576\" height=\"63\" src=\"https:\/\/navalremo.pt\/site\/wp-content\/uploads\/2020\/11\/eixosestrategicos.jpg\" alt=\"\" class=\"wp-image-1013\" srcset=\"https:\/\/navalremo.pt\/site\/wp-content\/uploads\/2020\/11\/eixosestrategicos.jpg 576w, https:\/\/navalremo.pt\/site\/wp-content\/uploads\/2020\/11\/eixosestrategicos-300x33.jpg 300w\" sizes=\"(max-width: 576px) 100vw, 576px\" \/><\/figure>\n\n\n\n<p><\/p>\n\n\n\n<p><strong>Grandes Objetivos 2020-2023<\/strong><\/p>\n\n\n\n<p>A Associa\u00e7\u00e3o Desportiva Naval Remo \u2013 ADNR, identifica como Grandes Objetivos 2020-2023 os seguintes:<\/p>\n\n\n\n<figure class=\"wp-block-image size-large\"><img data-attachment-id=\"1014\" data-permalink=\"https:\/\/navalremo.pt\/site\/o-nucleo\/plano-estrategico-2017-2021\/grandesobjetivos\/\" data-orig-file=\"https:\/\/navalremo.pt\/site\/wp-content\/uploads\/2020\/11\/grandesobjetivos.jpg\" data-orig-size=\"535,183\" data-comments-opened=\"0\" data-image-meta=\"{&quot;aperture&quot;:&quot;0&quot;,&quot;credit&quot;:&quot;Jo\\u00e3o Pedro Carvalho&quot;,&quot;camera&quot;:&quot;&quot;,&quot;caption&quot;:&quot;&quot;,&quot;created_timestamp&quot;:&quot;1604231296&quot;,&quot;copyright&quot;:&quot;&quot;,&quot;focal_length&quot;:&quot;0&quot;,&quot;iso&quot;:&quot;0&quot;,&quot;shutter_speed&quot;:&quot;0&quot;,&quot;title&quot;:&quot;&quot;,&quot;orientation&quot;:&quot;0&quot;}\" data-image-title=\"grandesobjetivos\" data-image-description=\"\" data-medium-file=\"https:\/\/navalremo.pt\/site\/wp-content\/uploads\/2020\/11\/grandesobjetivos-300x103.jpg\" data-large-file=\"https:\/\/navalremo.pt\/site\/wp-content\/uploads\/2020\/11\/grandesobjetivos.jpg\" loading=\"lazy\" width=\"535\" height=\"183\" src=\"https:\/\/navalremo.pt\/site\/wp-content\/uploads\/2020\/11\/grandesobjetivos.jpg\" alt=\"\" class=\"wp-image-1014\" srcset=\"https:\/\/navalremo.pt\/site\/wp-content\/uploads\/2020\/11\/grandesobjetivos.jpg 535w, https:\/\/navalremo.pt\/site\/wp-content\/uploads\/2020\/11\/grandesobjetivos-300x103.jpg 300w\" sizes=\"(max-width: 535px) 100vw, 535px\" \/><\/figure>\n","protected":false},"excerpt":{"rendered":"<p>Vis\u00e3o A Naval como clube de refer\u00eancia na modalidade de Remo e na forma\u00e7\u00e3o de crian\u00e7as e jovens. Miss\u00e3o Dinamizar e apoiar a pr\u00e1tica desportiva e l\u00fadica de desportos n\u00e1uticos, nomeadamente o Remo. A Naval como alavanca da promo\u00e7\u00e3o e desenvolvimento da educa\u00e7\u00e3o de crian\u00e7as, jovens e adultos sob o ponto de vista f\u00edsico e [&hellip;]<\/p>\n","protected":false},"author":2,"featured_media":0,"parent":89,"menu_order":0,"comment_status":"closed","ping_status":"closed","template":"","meta":{"spay_email":""},"_links":{"self":[{"href":"https:\/\/navalremo.pt\/site\/wp-json\/wp\/v2\/pages\/396"}],"collection":[{"href":"https:\/\/navalremo.pt\/site\/wp-json\/wp\/v2\/pages"}],"about":[{"href":"https:\/\/navalremo.pt\/site\/wp-json\/wp\/v2\/types\/page"}],"author":[{"embeddable":true,"href":"https:\/\/navalremo.pt\/site\/wp-json\/wp\/v2\/users\/2"}],"replies":[{"embeddable":true,"href":"https:\/\/navalremo.pt\/site\/wp-json\/wp\/v2\/comments?post=396"}],"version-history":[{"count":4,"href":"https:\/\/navalremo.pt\/site\/wp-json\/wp\/v2\/pages\/396\/revisions"}],"predecessor-version":[{"id":1015,"href":"https:\/\/navalremo.pt\/site\/wp-json\/wp\/v2\/pages\/396\/revisions\/1015"}],"up":[{"embeddable":true,"href":"https:\/\/navalremo.pt\/site\/wp-json\/wp\/v2\/pages\/89"}],"wp:attachment":[{"href":"https:\/\/navalremo.pt\/site\/wp-json\/wp\/v2\/media?parent=396"}],"curies":[{"name":"wp","href":"https:\/\/api.w.org\/{rel}","templated":true}]}}