{"id":1987,"date":"2022-02-08T15:34:47","date_gmt":"2022-02-08T15:34:47","guid":{"rendered":"https:\/\/navalremo.pt\/site\/?page_id=1987"},"modified":"2022-02-08T15:34:48","modified_gmt":"2022-02-08T15:34:48","slug":"historia-da-canoagem","status":"publish","type":"page","link":"https:\/\/navalremo.pt\/site\/historia-da-canoagem\/","title":{"rendered":"Hist\u00f3ria da Canoagem"},"content":{"rendered":"\n<p><em>Ki-ak =&gt; homem-barco<\/em><\/p>\n\n\n\n<p>A Canoagem \u00e9 um dos desportos mais populares, em todo o Mundo, na actualidade. Estima-se que os primeiros kayaks ter\u00e3o sido construidos h\u00e1 mais de cinco mil anos pelos povos que habitavam as regi\u00f5es do \u00c1rtico. Estes engenhos serviam para o transporte individual, mas tamb\u00e9m para a ca\u00e7a e a pesca. Uma t\u00e9cnica de constru\u00e7\u00e3o de kayaks ter\u00e1 sido a utiliza\u00e7\u00e3o de ossos de baleia como estrutura para coloca\u00e7\u00e3o de peles de animais esticadas. As canoas eram construidas partir da escava\u00e7\u00e3o de troncos velhos &#8211; naturalmente, as Canoas, por serem abertas ter\u00e3o sido utilizadas numa escala muito maior em regi\u00f5es muito diversas do globo.<\/p>\n\n\n\n<p>Por isso, quando vos perguntarem qual a diferen\u00e7a entre Canoas &nbsp;e Kayaks \u2013 podem simplesmente responder que os caiaques s\u00e3o fechados, entramos por um cockpit (\u201cpo\u00e7o\u201d) e o utilizador utiliza uma pagaia de l\u00e2mina ou p\u00e1 dupla; as canoas s\u00e3o abertas e o remador posiciona-se com um joelho apoiado movendo-se com um remo de p\u00e1 \u00fanica.<\/p>\n\n\n\n<p>Na vastid\u00e3o da internet, conseguimos encontrar diversos testemunhos das utiliza\u00e7\u00f5es que os antigos davam aos kayaks e \u00e0s pirogas. \u00c9 possivel ver em alguns filmes Esquim\u00f3s a arpoarem focas! Ou mesmo, num registo mais descontra\u00eddo, uma fam\u00edlia inteira a sair de um espa\u00e7o \u00ednfimo que faz lembrar aqueles concursos antigos em que se tentava encher um <em>Mini<\/em> com uma multid\u00e3o. Que medo! <\/p>\n\n\n\n<figure class=\"wp-block-embed is-type-video is-provider-youtube wp-block-embed-youtube wp-embed-aspect-4-3 wp-has-aspect-ratio\"><div class=\"wp-block-embed__wrapper\">\n<iframe loading=\"lazy\" title=\"How to fit FIVE people in a ONE MAN KAYAK [Inuit Style]\" width=\"900\" height=\"675\" src=\"https:\/\/www.youtube.com\/embed\/O0N4YJnTG9Q?feature=oembed\" frameborder=\"0\" allow=\"accelerometer; autoplay; clipboard-write; encrypted-media; gyroscope; picture-in-picture\" allowfullscreen><\/iframe>\n<\/div><\/figure>\n\n\n\n<p>Estima-se que, pelos meados dos s\u00e9c XIX, enquanto os povos polares continuavam a utilizar os kayaks nas suas explora\u00e7\u00f5es, os europeus ter\u00e3o produzido modelos que permitissem um deslize mais r\u00e1pido e suave \u2013 ter\u00e3o sido estes os prim\u00f3rdios das competi\u00e7\u00f5es. Mais tarde, nos Jogos Ol\u00edmpicos de Paris, em 1924 foi introduzida como modalidade de exibi\u00e7\u00e3o, tornando-se oficialmente uma modalidade Ol\u00edmpica, em 1936, nos Jogos Ol\u00edmpicos de Berlim. Mesmo sem HD estas imagens s\u00e3o impressionantes.<\/p>\n\n\n\n<figure class=\"wp-block-embed is-type-video is-provider-youtube wp-block-embed-youtube wp-embed-aspect-16-9 wp-has-aspect-ratio\"><div class=\"wp-block-embed__wrapper\">\n<iframe loading=\"lazy\" title=\"1936 Olympic BERLIN Germany, Canoeing Highlights.\" width=\"900\" height=\"506\" src=\"https:\/\/www.youtube.com\/embed\/9aaEcTL5eZY?feature=oembed\" frameborder=\"0\" allow=\"accelerometer; autoplay; clipboard-write; encrypted-media; gyroscope; picture-in-picture\" allowfullscreen><\/iframe>\n<\/div><\/figure>\n\n\n\n<p>Entretanto, o desenvolvimento da ind\u00fastria qu\u00edmica trouxe-nos novos materiais o que permitiu uma massifica\u00e7\u00e3o na constru\u00e7\u00e3o. Os caiaques de polietileno s\u00e3o literalmente \u00e0 prova de bala , sendo capazes de durar muitos e muitos anos \u2013 e s\u00e3o aqueles mais utilizados em actividades de lazer e turismo n\u00e1utico. A introdu\u00e7\u00e3o da fibra de vidro e, mais tarde, do carbono e do kevlar permite o fabrico de produtos <em>state of the art<\/em> e trouxeram ainda mais emo\u00e7\u00e3o desportiva nas competi\u00e7\u00f5es desta modalidade.<\/p>\n\n\n\n<p>Chega de Hist\u00f3ria, anda da\u00ed pagaiar.<\/p>\n","protected":false},"excerpt":{"rendered":"<p>Ki-ak =&gt; homem-barco A Canoagem \u00e9 um dos desportos mais populares, em todo o Mundo, na actualidade. Estima-se que os primeiros kayaks ter\u00e3o sido construidos h\u00e1 mais de cinco mil anos pelos povos que habitavam as regi\u00f5es do \u00c1rtico. Estes engenhos serviam para o transporte individual, mas tamb\u00e9m para a ca\u00e7a e a pesca. Uma [&hellip;]<\/p>\n","protected":false},"author":2,"featured_media":0,"parent":0,"menu_order":0,"comment_status":"closed","ping_status":"closed","template":"","meta":{"spay_email":""},"_links":{"self":[{"href":"https:\/\/navalremo.pt\/site\/wp-json\/wp\/v2\/pages\/1987"}],"collection":[{"href":"https:\/\/navalremo.pt\/site\/wp-json\/wp\/v2\/pages"}],"about":[{"href":"https:\/\/navalremo.pt\/site\/wp-json\/wp\/v2\/types\/page"}],"author":[{"embeddable":true,"href":"https:\/\/navalremo.pt\/site\/wp-json\/wp\/v2\/users\/2"}],"replies":[{"embeddable":true,"href":"https:\/\/navalremo.pt\/site\/wp-json\/wp\/v2\/comments?post=1987"}],"version-history":[{"count":1,"href":"https:\/\/navalremo.pt\/site\/wp-json\/wp\/v2\/pages\/1987\/revisions"}],"predecessor-version":[{"id":1989,"href":"https:\/\/navalremo.pt\/site\/wp-json\/wp\/v2\/pages\/1987\/revisions\/1989"}],"wp:attachment":[{"href":"https:\/\/navalremo.pt\/site\/wp-json\/wp\/v2\/media?parent=1987"}],"curies":[{"name":"wp","href":"https:\/\/api.w.org\/{rel}","templated":true}]}}