{"id":1959,"date":"2022-02-08T15:05:13","date_gmt":"2022-02-08T15:05:13","guid":{"rendered":"https:\/\/navalremo.pt\/site\/?page_id=1959"},"modified":"2024-01-24T23:29:45","modified_gmt":"2024-01-24T23:29:45","slug":"quem-orienta-a-canoagem","status":"publish","type":"page","link":"https:\/\/navalremo.pt\/site\/quem-orienta-a-canoagem\/","title":{"rendered":"Quem Orienta a Canoagem"},"content":{"rendered":"\n<figure class=\"wp-block-image size-large is-resized\"><img data-attachment-id=\"3069\" data-permalink=\"https:\/\/navalremo.pt\/site\/quem-orienta-a-canoagem\/andy-1\/\" data-orig-file=\"https:\/\/navalremo.pt\/site\/wp-content\/uploads\/2024\/01\/Andy-1.jpeg\" data-orig-size=\"1080,1080\" data-comments-opened=\"0\" data-image-meta=\"{&quot;aperture&quot;:&quot;0&quot;,&quot;credit&quot;:&quot;&quot;,&quot;camera&quot;:&quot;&quot;,&quot;caption&quot;:&quot;&quot;,&quot;created_timestamp&quot;:&quot;0&quot;,&quot;copyright&quot;:&quot;&quot;,&quot;focal_length&quot;:&quot;0&quot;,&quot;iso&quot;:&quot;0&quot;,&quot;shutter_speed&quot;:&quot;0&quot;,&quot;title&quot;:&quot;&quot;,&quot;orientation&quot;:&quot;0&quot;}\" data-image-title=\"Andy-1\" data-image-description=\"\" data-medium-file=\"https:\/\/navalremo.pt\/site\/wp-content\/uploads\/2024\/01\/Andy-1-300x300.jpeg\" data-large-file=\"https:\/\/navalremo.pt\/site\/wp-content\/uploads\/2024\/01\/Andy-1-1024x1024.jpeg\" loading=\"lazy\" src=\"https:\/\/navalremo.pt\/site\/wp-content\/uploads\/2024\/01\/Andy-1-1024x1024.jpeg\" alt=\"\" class=\"wp-image-3069\" width=\"512\" height=\"512\" srcset=\"https:\/\/navalremo.pt\/site\/wp-content\/uploads\/2024\/01\/Andy-1-1024x1024.jpeg 1024w, https:\/\/navalremo.pt\/site\/wp-content\/uploads\/2024\/01\/Andy-1-300x300.jpeg 300w, https:\/\/navalremo.pt\/site\/wp-content\/uploads\/2024\/01\/Andy-1-150x150.jpeg 150w, https:\/\/navalremo.pt\/site\/wp-content\/uploads\/2024\/01\/Andy-1-768x768.jpeg 768w, https:\/\/navalremo.pt\/site\/wp-content\/uploads\/2024\/01\/Andy-1-600x600.jpeg 600w, https:\/\/navalremo.pt\/site\/wp-content\/uploads\/2024\/01\/Andy-1-100x100.jpeg 100w, https:\/\/navalremo.pt\/site\/wp-content\/uploads\/2024\/01\/Andy-1.jpeg 1080w\" sizes=\"(max-width: 512px) 100vw, 512px\" \/><\/figure>\n\n\n\n<p class=\"has-medium-font-size\"><strong>Andy Alfonso Ortiz Morales \u00e9 o Treinador de Canoagem da Naval.<\/strong><\/p>\n\n\n\n<p><strong>O projeto de canoagem da Naval, nascido em 2022 pelas m\u00e3os experientes do hexa-ol\u00edmpico Alain Acart, recebe um novo impulso. Com uma carreira acad\u00e9mica brilhante, atleta de alto rendimento e treinador promissor, a integra\u00e7\u00e3o do novo \u201cmaestro\u201d na canoagem deixa antever um futuro risonho aos cano\u00edstas da Figueira da Foz.<\/strong><\/p>\n\n\n\n<p>O Andy nasceu em Cuba h\u00e1 30 anos, tendo conclu\u00eddo, em 2018, a licenciatura em Cultura F\u00edsica e Desporto na \u201cUniversidad de las Ciencias de la Cultura F\u00edsica y el Deporte Manuel Fajardo\u201d de Havana, onde foi galardoado com o \u201ct\u00edtulo de ouro\u201d atribu\u00eddo ao estudante que mais se destacou no curso.<\/p>\n\n\n\n<p>Foi atleta de Canoagem de 2004 a 2015. Enquanto atleta de alto rendimento, representou a sele\u00e7\u00e3o nacional de Cuba de 2009 a 2015. Nesse per\u00edodo, conquistou v\u00e1rios t\u00edtulos nacionais e participou em diversas provas internacionais.<\/p>\n\n\n\n<p>A sua carreira profissional come\u00e7ou em 2015, como docente de Metodologia do Treino Desportivo e Psicologia aplicada ao Desporto, onde teve a oportunidade de trabalhar com Atletas de alto rendimento. Em 2017, iniciou a sua carreira de Treinador da equipa juvenil de canoagem de Havana, tendo conquistado os seus primeiros p\u00f3dios. Em 2018, foi Treinador da sele\u00e7\u00e3o nacional de Kayak feminino de Cuba, tendo as suas Atletas conquistado v\u00e1rios t\u00edtulos internacionais de destaque nos Jogos Centro-Americanos e no Campeonato Pan-Americano. De 2019 at\u00e9 ao final de 2023, foi treinador principal das equipas escolares de Canoagem de Havana, conquistando m\u00faltiplos t\u00edtulos nas v\u00e1rias categorias desde as camadas mais jovens at\u00e9 ao escal\u00e3o de s\u00e9nior.<\/p>\n\n\n\n<p>Em 2021, foi assessor t\u00e9cnico da Escola de Canoagem de Montevideo, Uruguai, tendo sido respons\u00e1vel por toda a programa\u00e7\u00e3o e planeamento do treino do Atleta uruguaio Santiago Melo que acabou por conquistar resultados de relevo ao n\u00edvel internacional.<\/p>\n\n\n\n<p><strong>O Projeto de canoagem na Naval<\/strong><\/p>\n\n\n\n<p>O que projeto nasceu pelas m\u00e3os do ol\u00edmpico Alain Acart, que viajou para a Figueira da Foz no in\u00edcio de 2022. Foi criada a modalidade a partir do zero, tendo sido realizadas a\u00e7\u00f5es de divulga\u00e7\u00e3o em parceria com alguns estabelecimentos de ensino da cidade e com o apoio da Federa\u00e7\u00e3o Portuguesa de Canoagem. O projeto cresceu, entretanto, de uma forma sustentada. Inesperadamente, o Alain faleceu em janeiro de 2023, e desde ent\u00e3o, mantendo os mesmos princ\u00edpios, procuramos uma solu\u00e7\u00e3o que conjugue a ambi\u00e7\u00e3o, o rigor, o trabalho e muita amizade que nos caracteriza nesta modalidade, com a consci\u00eancia forte do papel que representam a pr\u00e1tica desportiva e o sentimento de perten\u00e7a a um clube na educa\u00e7\u00e3o dos nossos atletas.<\/p>\n\n\n\n<p>Come\u00e7amos assim um novo ano como uma nova etapa e o Andy \u00e9 o Treinador que a Naval escolheu para conduzir o seu projeto na Modalidade de Canoagem, que conta com cada vez mais Atletas e onde nos queremos afirmar como um Clube de refer\u00eancia ao n\u00edvel nacional e internacional.<\/p>\n\n\n\n<p><\/p>\n","protected":false},"excerpt":{"rendered":"<p>Andy Alfonso Ortiz Morales \u00e9 o Treinador de Canoagem da Naval. O projeto de canoagem da Naval, nascido em 2022 pelas m\u00e3os experientes do hexa-ol\u00edmpico Alain Acart, recebe um novo impulso. Com uma carreira acad\u00e9mica brilhante, atleta de alto rendimento e treinador promissor, a integra\u00e7\u00e3o do novo \u201cmaestro\u201d na canoagem deixa antever um futuro risonho [&hellip;]<\/p>\n","protected":false},"author":2,"featured_media":0,"parent":0,"menu_order":0,"comment_status":"closed","ping_status":"closed","template":"","meta":{"spay_email":""},"_links":{"self":[{"href":"https:\/\/navalremo.pt\/site\/wp-json\/wp\/v2\/pages\/1959"}],"collection":[{"href":"https:\/\/navalremo.pt\/site\/wp-json\/wp\/v2\/pages"}],"about":[{"href":"https:\/\/navalremo.pt\/site\/wp-json\/wp\/v2\/types\/page"}],"author":[{"embeddable":true,"href":"https:\/\/navalremo.pt\/site\/wp-json\/wp\/v2\/users\/2"}],"replies":[{"embeddable":true,"href":"https:\/\/navalremo.pt\/site\/wp-json\/wp\/v2\/comments?post=1959"}],"version-history":[{"count":5,"href":"https:\/\/navalremo.pt\/site\/wp-json\/wp\/v2\/pages\/1959\/revisions"}],"predecessor-version":[{"id":3072,"href":"https:\/\/navalremo.pt\/site\/wp-json\/wp\/v2\/pages\/1959\/revisions\/3072"}],"wp:attachment":[{"href":"https:\/\/navalremo.pt\/site\/wp-json\/wp\/v2\/media?parent=1959"}],"curies":[{"name":"wp","href":"https:\/\/api.w.org\/{rel}","templated":true}]}}

<figure class="wp-block-image size-large is-resized"><img data-attachment-id="3069" data-permalink="https://navalremo.pt/site/quem-orienta-a-canoagem/andy-1/" data-orig-file="https://navalremo.pt/site/wp-content/uploads/2024/01/Andy-1.jpeg" data-orig-size="1080,1080" data-comments-opened="0" data-image-meta="{&quot;aperture&quot;:&quot;0&quot;,&quot;credit&quot;:&quot;&quot;,&quot;camera&quot;:&quot;&quot;,&quot;caption&quot;:&quot;&quot;,&quot;created_timestamp&quot;:&quot;0&quot;,&quot;copyright&quot;:&quot;&quot;,&quot;focal_length&quot;:&quot;0&quot;,&quot;iso&quot;:&quot;0&quot;,&quot;shutter_speed&quot;:&quot;0&quot;,&quot;title&quot;:&quot;&quot;,&quot;orientation&quot;:&quot;0&quot;}" data-image-title="Andy-1" data-image-description="" data-medium-file="https://navalremo.pt/site/wp-content/uploads/2024/01/Andy-1-300x300.jpeg" data-large-file="https://navalremo.pt/site/wp-content/uploads/2024/01/Andy-1-1024x1024.jpeg" loading="lazy" src="https://navalremo.pt/site/wp-content/uploads/2024/01/Andy-1-1024x1024.jpeg" alt="" class="wp-image-3069" width="512" height="512" srcset="https://navalremo.pt/site/wp-content/uploads/2024/01/Andy-1-1024x1024.jpeg 1024w, https://navalremo.pt/site/wp-content/uploads/2024/01/Andy-1-300x300.jpeg 300w, https://navalremo.pt/site/wp-content/uploads/2024/01/Andy-1-150x150.jpeg 150w, https://navalremo.pt/site/wp-content/uploads/2024/01/Andy-1-768x768.jpeg 768w, https://navalremo.pt/site/wp-content/uploads/2024/01/Andy-1-600x600.jpeg 600w, https://navalremo.pt/site/wp-content/uploads/2024/01/Andy-1-100x100.jpeg 100w, https://navalremo.pt/site/wp-content/uploads/2024/01/Andy-1.jpeg 1080w" sizes="(max-width: 512px) 100vw, 512px" /></figure>



<p class="has-medium-font-size"><strong>Andy Alfonso Ortiz Morales é o Treinador de Canoagem da Naval.</strong></p>



<p><strong>O projeto de canoagem da Naval, nascido em 2022 pelas mãos experientes do hexa-olímpico Alain Acart, recebe um novo impulso. Com uma carreira académica brilhante, atleta de alto rendimento e treinador promissor, a integração do novo “maestro” na canoagem deixa antever um futuro risonho aos canoístas da Figueira da Foz.</strong></p>



<p>O Andy nasceu em Cuba há 30 anos, tendo concluído, em 2018, a licenciatura em Cultura Física e Desporto na “Universidad de las Ciencias de la Cultura Física y el Deporte Manuel Fajardo” de Havana, onde foi galardoado com o “título de ouro” atribuído ao estudante que mais se destacou no curso.</p>



<p>Foi atleta de Canoagem de 2004 a 2015. Enquanto atleta de alto rendimento, representou a seleção nacional de Cuba de 2009 a 2015. Nesse período, conquistou vários títulos nacionais e participou em diversas provas internacionais.</p>



<p>A sua carreira profissional começou em 2015, como docente de Metodologia do Treino Desportivo e Psicologia aplicada ao Desporto, onde teve a oportunidade de trabalhar com Atletas de alto rendimento. Em 2017, iniciou a sua carreira de Treinador da equipa juvenil de canoagem de Havana, tendo conquistado os seus primeiros pódios. Em 2018, foi Treinador da seleção nacional de Kayak feminino de Cuba, tendo as suas Atletas conquistado vários títulos internacionais de destaque nos Jogos Centro-Americanos e no Campeonato Pan-Americano. De 2019 até ao final de 2023, foi treinador principal das equipas escolares de Canoagem de Havana, conquistando múltiplos títulos nas várias categorias desde as camadas mais jovens até ao escalão de sénior.</p>



<p>Em 2021, foi assessor técnico da Escola de Canoagem de Montevideo, Uruguai, tendo sido responsável por toda a programação e planeamento do treino do Atleta uruguaio Santiago Melo que acabou por conquistar resultados de relevo ao nível internacional.</p>



<p><strong>O Projeto de canoagem na Naval</strong></p>



<p>O que projeto nasceu pelas mãos do olímpico Alain Acart, que viajou para a Figueira da Foz no início de 2022. Foi criada a modalidade a partir do zero, tendo sido realizadas ações de divulgação em parceria com alguns estabelecimentos de ensino da cidade e com o apoio da Federação Portuguesa de Canoagem. O projeto cresceu, entretanto, de uma forma sustentada. Inesperadamente, o Alain faleceu em janeiro de 2023, e desde então, mantendo os mesmos princípios, procuramos uma solução que conjugue a ambição, o rigor, o trabalho e muita amizade que nos caracteriza nesta modalidade, com a consciência forte do papel que representam a prática desportiva e o sentimento de pertença a um clube na educação dos nossos atletas.</p>



<p>Começamos assim um novo ano como uma nova etapa e o Andy é o Treinador que a Naval escolheu para conduzir o seu projeto na Modalidade de Canoagem, que conta com cada vez mais Atletas e onde nos queremos afirmar como um Clube de referência ao nível nacional e internacional.</p>



<p></p>

<p>Andy Alfonso Ortiz Morales é o Treinador de Canoagem da Naval. O projeto de canoagem da Naval, nascido em 2022 pelas mãos experientes do hexa-olímpico Alain Acart, recebe um novo impulso. Com uma carreira académica brilhante, atleta de alto rendimento e treinador promissor, a integração do novo “maestro” na canoagem deixa antever um futuro risonho [&hellip;]</p>
