{"id":1031,"date":"2020-11-01T12:44:50","date_gmt":"2020-11-01T12:44:50","guid":{"rendered":"https:\/\/navalremo.pt\/site\/?page_id=1031"},"modified":"2020-11-01T12:44:52","modified_gmt":"2020-11-01T12:44:52","slug":"um-pouco-de-historia","status":"publish","type":"page","link":"https:\/\/navalremo.pt\/site\/um-pouco-de-historia\/","title":{"rendered":"Um pouco de Hist\u00f3ria"},"content":{"rendered":"\n<p>Associa\u00e7\u00e3o Naval 1\u00ba de Maio<\/p>\n\n\n\n<figure class=\"wp-block-image size-large\"><img data-attachment-id=\"1032\" data-permalink=\"https:\/\/navalremo.pt\/site\/um-pouco-de-historia\/naval1maio\/\" data-orig-file=\"https:\/\/navalremo.pt\/site\/wp-content\/uploads\/2020\/11\/naval1maio.png\" data-orig-size=\"216,300\" data-comments-opened=\"0\" data-image-meta=\"{&quot;aperture&quot;:&quot;0&quot;,&quot;credit&quot;:&quot;&quot;,&quot;camera&quot;:&quot;&quot;,&quot;caption&quot;:&quot;&quot;,&quot;created_timestamp&quot;:&quot;0&quot;,&quot;copyright&quot;:&quot;&quot;,&quot;focal_length&quot;:&quot;0&quot;,&quot;iso&quot;:&quot;0&quot;,&quot;shutter_speed&quot;:&quot;0&quot;,&quot;title&quot;:&quot;&quot;,&quot;orientation&quot;:&quot;0&quot;}\" data-image-title=\"naval1maio\" data-image-description=\"\" data-medium-file=\"https:\/\/navalremo.pt\/site\/wp-content\/uploads\/2020\/11\/naval1maio.png\" data-large-file=\"https:\/\/navalremo.pt\/site\/wp-content\/uploads\/2020\/11\/naval1maio.png\" loading=\"lazy\" width=\"216\" height=\"300\" src=\"https:\/\/navalremo.pt\/site\/wp-content\/uploads\/2020\/11\/naval1maio.png\" alt=\"\" class=\"wp-image-1032\"\/><\/figure>\n\n\n\n<p>A Associa\u00e7\u00e3o Naval 1\u00ba de Maio, foi fundada em 1 de Maio de 1893, sucedendo \u00e0 extinta Associa\u00e7\u00e3o Naval Figueirense.<\/p>\n\n\n\n<p>Sendo uma Associa\u00e7\u00e3o de raiz iminentemente oper\u00e1ria o nome escolhido para a agremia\u00e7\u00e3o n\u00e3o poderia ter sido mais apropriado, assim como o dia escolhido para a sua implementa\u00e7\u00e3o \u2013 o dia do Trabalhador, de 1893.<\/p>\n\n\n\n<p>Como primeiro Presidente da sua Dire\u00e7\u00e3o, a Naval teve Jo\u00e3o da Encarna\u00e7\u00e3o, banheiro da Praia da Claridade, da cidade sede da Figueira da Foz.<\/p>\n\n\n\n<p>Na sua fase inicial, a Naval tinha por objetivo a pr\u00e1tica de desportos n\u00e1uticos, por parte dos seus associados. E foi no Remo, durante os seus primeiros anos de hist\u00f3ria, que a Naval 1\u00ba de Maio almejou alguns dos seus grandes sucessos desportivos. Mas, embora tenha nascido com uma vertente n\u00e1utica, a Naval 1\u00ba de Maio foi alargando as suas sec\u00e7\u00f5es desportivas e culturais, numa tentativa de proporcionar aos seus associados um leque variado de op\u00e7\u00f5es de pr\u00e1tica desportiva e de atividades l\u00fadicas.<\/p>\n\n\n\n<p>Assim, para al\u00e9m da sec\u00e7\u00e3o naval, surgiu a gin\u00e1stica, a nata\u00e7\u00e3o, o futebol, a patinagem, os pesos e halteres, a luta greco-romana, basquetebol, tiro, esgrima, dan\u00e7a, entre outros.<\/p>\n\n\n\n<p>Tamb\u00e9m foi objetivo dos fundadores da Naval 1\u00ba de Maio, proporcionar um desenvolvimento cultural e c\u00edvico aos seus associados, promovendo, como era tradicional na \u00e9poca, atividades recreativas, de que se destacam os passeios, bailes, festas, animat\u00f3grafo, garraiada, orfe\u00e3o e o teatro.<\/p>\n\n\n\n<p>Como conclus\u00e3o desta intensa actividade destaque-se que a Associa\u00e7\u00e3o Naval 1\u00ba de Maio foi a terceira coletividade portuguesa a ser reconhecida pelo Comit\u00e9 Ol\u00edmpico Portugu\u00eas, e \u00e9, presentemente, a quarta coletividade desportiva mais antiga do pa\u00eds, com 116 anos de exist\u00eancia.<\/p>\n\n\n\n<p>Muito do enorme esp\u00f3lio da Associa\u00e7\u00e3o Naval 1\u00ba de Maio foi consumido num inc\u00eandio, que no dia 4 de Julho de 1997, destruiu a sua sede social. Com ele quase desapareceram 105 anos de hist\u00f3ria, \u00e0 data, da Naval 1\u00ba de Maio.<\/p>\n\n\n\n<p>Posteriormente ao inc\u00eandio, a Naval 1\u00ba de Maio implementou a sua sede provis\u00f3ria no Est\u00e1dio Municipal Jos\u00e9 Bento Pessoa, onde se mant\u00e9m at\u00e9 aos dias de hoje.<\/p>\n\n\n\n<p>Foram v\u00e1rios os sucessos desportivos alcan\u00e7ados pela modalidade do Remo, n\u00e3o sendo de menor import\u00e2ncia a forma\u00e7\u00e3o de v\u00e1rios jovens e adultos ao longo dos anos neste clube secular, intervindo de forma ativa ao n\u00edvel social e cultural da cidade da Figueira da Foz.<\/p>\n\n\n\n<figure class=\"wp-block-image size-large\"><img data-attachment-id=\"1033\" data-permalink=\"https:\/\/navalremo.pt\/site\/um-pouco-de-historia\/nucleo\/\" data-orig-file=\"https:\/\/navalremo.pt\/site\/wp-content\/uploads\/2020\/11\/nucleo.png\" data-orig-size=\"300,300\" data-comments-opened=\"0\" data-image-meta=\"{&quot;aperture&quot;:&quot;0&quot;,&quot;credit&quot;:&quot;&quot;,&quot;camera&quot;:&quot;&quot;,&quot;caption&quot;:&quot;&quot;,&quot;created_timestamp&quot;:&quot;0&quot;,&quot;copyright&quot;:&quot;&quot;,&quot;focal_length&quot;:&quot;0&quot;,&quot;iso&quot;:&quot;0&quot;,&quot;shutter_speed&quot;:&quot;0&quot;,&quot;title&quot;:&quot;&quot;,&quot;orientation&quot;:&quot;0&quot;}\" data-image-title=\"nucleo\" data-image-description=\"\" data-medium-file=\"https:\/\/navalremo.pt\/site\/wp-content\/uploads\/2020\/11\/nucleo.png\" data-large-file=\"https:\/\/navalremo.pt\/site\/wp-content\/uploads\/2020\/11\/nucleo.png\" loading=\"lazy\" width=\"300\" height=\"300\" src=\"https:\/\/navalremo.pt\/site\/wp-content\/uploads\/2020\/11\/nucleo.png\" alt=\"\" class=\"wp-image-1033\" srcset=\"https:\/\/navalremo.pt\/site\/wp-content\/uploads\/2020\/11\/nucleo.png 300w, https:\/\/navalremo.pt\/site\/wp-content\/uploads\/2020\/11\/nucleo-100x100.png 100w, https:\/\/navalremo.pt\/site\/wp-content\/uploads\/2020\/11\/nucleo-150x150.png 150w\" sizes=\"(max-width: 300px) 100vw, 300px\" \/><\/figure>\n\n\n\n<p>Tendo em conta o per\u00edodo dif\u00edcil ao n\u00edvel financeiro e jur\u00eddico que o clube atravessa, de forma a permitir que o Remo da Naval n\u00e3o fosse extinto e inspirado pelos sucessos e mem\u00f3rias de outrora, <strong>o N\u00facleo dos Antigos Remadores da Associa\u00e7\u00e3o Naval 1\u00ba de Maio, <\/strong>em 17 de mar\u00e7o de 2017, constituiu uma nova Associa\u00e7\u00e3o, decidindo dar um contributo significativo para devolver o Remo da Naval \u00e0 cidade e aos Figueirenses.<\/p>\n\n\n\n<p><\/p>\n","protected":false},"excerpt":{"rendered":"<p>Associa\u00e7\u00e3o Naval 1\u00ba de Maio A Associa\u00e7\u00e3o Naval 1\u00ba de Maio, foi fundada em 1 de Maio de 1893, sucedendo \u00e0 extinta Associa\u00e7\u00e3o Naval Figueirense. Sendo uma Associa\u00e7\u00e3o de raiz iminentemente oper\u00e1ria o nome escolhido para a agremia\u00e7\u00e3o n\u00e3o poderia ter sido mais apropriado, assim como o dia escolhido para a sua implementa\u00e7\u00e3o \u2013 o [&hellip;]<\/p>\n","protected":false},"author":2,"featured_media":0,"parent":0,"menu_order":0,"comment_status":"closed","ping_status":"closed","template":"","meta":{"spay_email":""},"_links":{"self":[{"href":"https:\/\/navalremo.pt\/site\/wp-json\/wp\/v2\/pages\/1031"}],"collection":[{"href":"https:\/\/navalremo.pt\/site\/wp-json\/wp\/v2\/pages"}],"about":[{"href":"https:\/\/navalremo.pt\/site\/wp-json\/wp\/v2\/types\/page"}],"author":[{"embeddable":true,"href":"https:\/\/navalremo.pt\/site\/wp-json\/wp\/v2\/users\/2"}],"replies":[{"embeddable":true,"href":"https:\/\/navalremo.pt\/site\/wp-json\/wp\/v2\/comments?post=1031"}],"version-history":[{"count":1,"href":"https:\/\/navalremo.pt\/site\/wp-json\/wp\/v2\/pages\/1031\/revisions"}],"predecessor-version":[{"id":1034,"href":"https:\/\/navalremo.pt\/site\/wp-json\/wp\/v2\/pages\/1031\/revisions\/1034"}],"wp:attachment":[{"href":"https:\/\/navalremo.pt\/site\/wp-json\/wp\/v2\/media?parent=1031"}],"curies":[{"name":"wp","href":"https:\/\/api.w.org\/{rel}","templated":true}]}}

Um pouco de História

<p>Associação Naval 1º de Maio</p>



<figure class="wp-block-image size-large"><img data-attachment-id="1032" data-permalink="https://navalremo.pt/site/um-pouco-de-historia/naval1maio/" data-orig-file="https://navalremo.pt/site/wp-content/uploads/2020/11/naval1maio.png" data-orig-size="216,300" data-comments-opened="0" data-image-meta="{&quot;aperture&quot;:&quot;0&quot;,&quot;credit&quot;:&quot;&quot;,&quot;camera&quot;:&quot;&quot;,&quot;caption&quot;:&quot;&quot;,&quot;created_timestamp&quot;:&quot;0&quot;,&quot;copyright&quot;:&quot;&quot;,&quot;focal_length&quot;:&quot;0&quot;,&quot;iso&quot;:&quot;0&quot;,&quot;shutter_speed&quot;:&quot;0&quot;,&quot;title&quot;:&quot;&quot;,&quot;orientation&quot;:&quot;0&quot;}" data-image-title="naval1maio" data-image-description="" data-medium-file="https://navalremo.pt/site/wp-content/uploads/2020/11/naval1maio.png" data-large-file="https://navalremo.pt/site/wp-content/uploads/2020/11/naval1maio.png" loading="lazy" width="216" height="300" src="https://navalremo.pt/site/wp-content/uploads/2020/11/naval1maio.png" alt="" class="wp-image-1032"/></figure>



<p>A Associação Naval 1º de Maio, foi fundada em 1 de Maio de 1893, sucedendo à extinta Associação Naval Figueirense.</p>



<p>Sendo uma Associação de raiz iminentemente operária o nome escolhido para a agremiação não poderia ter sido mais apropriado, assim como o dia escolhido para a sua implementação – o dia do Trabalhador, de 1893.</p>



<p>Como primeiro Presidente da sua Direção, a Naval teve João da Encarnação, banheiro da Praia da Claridade, da cidade sede da Figueira da Foz.</p>



<p>Na sua fase inicial, a Naval tinha por objetivo a prática de desportos náuticos, por parte dos seus associados. E foi no Remo, durante os seus primeiros anos de história, que a Naval 1º de Maio almejou alguns dos seus grandes sucessos desportivos. Mas, embora tenha nascido com uma vertente náutica, a Naval 1º de Maio foi alargando as suas secções desportivas e culturais, numa tentativa de proporcionar aos seus associados um leque variado de opções de prática desportiva e de atividades lúdicas.</p>



<p>Assim, para além da secção naval, surgiu a ginástica, a natação, o futebol, a patinagem, os pesos e halteres, a luta greco-romana, basquetebol, tiro, esgrima, dança, entre outros.</p>



<p>Também foi objetivo dos fundadores da Naval 1º de Maio, proporcionar um desenvolvimento cultural e cívico aos seus associados, promovendo, como era tradicional na época, atividades recreativas, de que se destacam os passeios, bailes, festas, animatógrafo, garraiada, orfeão e o teatro.</p>



<p>Como conclusão desta intensa actividade destaque-se que a Associação Naval 1º de Maio foi a terceira coletividade portuguesa a ser reconhecida pelo Comité Olímpico Português, e é, presentemente, a quarta coletividade desportiva mais antiga do país, com 116 anos de existência.</p>



<p>Muito do enorme espólio da Associação Naval 1º de Maio foi consumido num incêndio, que no dia 4 de Julho de 1997, destruiu a sua sede social. Com ele quase desapareceram 105 anos de história, à data, da Naval 1º de Maio.</p>



<p>Posteriormente ao incêndio, a Naval 1º de Maio implementou a sua sede provisória no Estádio Municipal José Bento Pessoa, onde se mantém até aos dias de hoje.</p>



<p>Foram vários os sucessos desportivos alcançados pela modalidade do Remo, não sendo de menor importância a formação de vários jovens e adultos ao longo dos anos neste clube secular, intervindo de forma ativa ao nível social e cultural da cidade da Figueira da Foz.</p>



<figure class="wp-block-image size-large"><img data-attachment-id="1033" data-permalink="https://navalremo.pt/site/um-pouco-de-historia/nucleo/" data-orig-file="https://navalremo.pt/site/wp-content/uploads/2020/11/nucleo.png" data-orig-size="300,300" data-comments-opened="0" data-image-meta="{&quot;aperture&quot;:&quot;0&quot;,&quot;credit&quot;:&quot;&quot;,&quot;camera&quot;:&quot;&quot;,&quot;caption&quot;:&quot;&quot;,&quot;created_timestamp&quot;:&quot;0&quot;,&quot;copyright&quot;:&quot;&quot;,&quot;focal_length&quot;:&quot;0&quot;,&quot;iso&quot;:&quot;0&quot;,&quot;shutter_speed&quot;:&quot;0&quot;,&quot;title&quot;:&quot;&quot;,&quot;orientation&quot;:&quot;0&quot;}" data-image-title="nucleo" data-image-description="" data-medium-file="https://navalremo.pt/site/wp-content/uploads/2020/11/nucleo.png" data-large-file="https://navalremo.pt/site/wp-content/uploads/2020/11/nucleo.png" loading="lazy" width="300" height="300" src="https://navalremo.pt/site/wp-content/uploads/2020/11/nucleo.png" alt="" class="wp-image-1033" srcset="https://navalremo.pt/site/wp-content/uploads/2020/11/nucleo.png 300w, https://navalremo.pt/site/wp-content/uploads/2020/11/nucleo-100x100.png 100w, https://navalremo.pt/site/wp-content/uploads/2020/11/nucleo-150x150.png 150w" sizes="(max-width: 300px) 100vw, 300px" /></figure>



<p>Tendo em conta o período difícil ao nível financeiro e jurídico que o clube atravessa, de forma a permitir que o Remo da Naval não fosse extinto e inspirado pelos sucessos e memórias de outrora, <strong>o Núcleo dos Antigos Remadores da Associação Naval 1º de Maio, </strong>em 17 de março de 2017, constituiu uma nova Associação, decidindo dar um contributo significativo para devolver o Remo da Naval à cidade e aos Figueirenses.</p>



<p></p>

<p>Associação Naval 1º de Maio A Associação Naval 1º de Maio, foi fundada em 1 de Maio de 1893, sucedendo à extinta Associação Naval Figueirense. Sendo uma Associação de raiz iminentemente operária o nome escolhido para a agremiação não poderia ter sido mais apropriado, assim como o dia escolhido para a sua implementação – o [&hellip;]</p>
