{"id":1016,"date":"2020-11-01T12:01:54","date_gmt":"2020-11-01T12:01:54","guid":{"rendered":"https:\/\/navalremo.pt\/site\/?page_id=1016"},"modified":"2020-11-01T12:01:55","modified_gmt":"2020-11-01T12:01:55","slug":"enquadramento","status":"publish","type":"page","link":"https:\/\/navalremo.pt\/site\/enquadramento\/","title":{"rendered":"Enquadramento"},"content":{"rendered":"\n<p>O Remo \u00e9 um desporto que tem ra\u00edzes long\u00ednquas na Figueira da Foz.<\/p>\n\n\n\n<p>A t\u00edtulo de exemplo a Associa\u00e7\u00e3o Naval 1\u00ba de Maio, criada no dia 1\u00ba de Maio de 1893, acaba por se confundir com a eleva\u00e7\u00e3o da pr\u00f3pria Figueira da Foz \u00e0 categoria de Cidade, apenas 11 anos antes em 1882. Esta \u00e9 a realidade incontorn\u00e1vel de uma Cidade, que vive o a modalidade do Remo com intensidade, estando profundamente enraizada na cultura e na vida social dos seus habitantes.<\/p>\n\n\n\n<p>\u00c9 costume dizer-se que \u201cNa Figueira quem n\u00e3o rema j\u00e1 remou\u201d e o N\u00facleo de Antigos Remadores da Associa\u00e7\u00e3o Naval 1\u00ba de Maio, est\u00e1 apostado em devolver o Remo da Naval \u00e0 Cidade da Figueira da Foz. Mas este Projeto n\u00e3o se encerra em si mesmo, o Remo \u00e9 uma atividade que ultrapassa os limites e a esfera de influ\u00eancia de quem o pratica. O Remo \u00e9 tamb\u00e9m de todos os que assistem \u00e0 pr\u00e1tica da modalidade, seja de uma forma di\u00e1ria nos treinos, seja durante as in\u00fameras provas e competi\u00e7\u00f5es que arrastam centenas de familiares, amigos, simpatizantes e outros espectadores para as margens de rios, barragens ou pistas.<\/p>\n\n\n\n<p>Por este motivo, o Remo da Naval \u00e9 tamb\u00e9m uma embaixada da Cidade, transportando o nome da Figueira da Foz para lugares t\u00e3o diferentes como Caminha, Ger\u00eas, Porto, Viana do Castelo, Aveiro, Cacia, Mira, Vila Nova de Cerveira, Coimbra, Montemor-o-Velho, Lisboa, Ferreira do Z\u00eazere, Montargil, Avis, Sevilha (Espanha), Gent (B\u00e9lgica) e Hazewinkel (B\u00e9lgica), M\u00e1con, Bord\u00e9us (Fran\u00e7a), Roterd\u00e3o (Holanda) etc.<\/p>\n\n\n\n<p>Em 17 de mar\u00e7o de 2017 foi criada a Associa\u00e7\u00e3o sem fins lucrativos \u201c<strong>N\u00facleo dos Antigos Remadores da Associa\u00e7\u00e3o Naval 1\u00ba de Maio\u201d<\/strong>. Esta nova associa\u00e7\u00e3o \u00e9 criada no seguimento do processo de insolv\u00eancia da Associa\u00e7\u00e3o Naval 1\u00ba de Maio, passando ent\u00e3o a modalidade do Remo a ser \u00fanica e exclusivamente gerida em todos os aspetos formais e legais por aquele N\u00facleo.<\/p>\n\n\n\n<p>Assim, de forma a permitir que o Remo da Naval continuasse a sua atividade e inspirado pelos sucessos e mem\u00f3rias de outrora, o N\u00facleo de Antigos Remadores que at\u00e9 17 de mar\u00e7o e h\u00e1 cerca de 60 anos, era apenas um grupo de partilha de bons momentos entre antigos atletas, ganha personalidade jur\u00eddica, constituindo uma nova Associa\u00e7\u00e3o, e decide dar um contributo significativo para devolver o Remo da Naval \u00e0 cidade e aos Figueirenses.<\/p>\n\n\n\n<p>Fruto da paix\u00e3o pela modalidade o N\u00facleo de Antigos Remadores da Associa\u00e7\u00e3o Naval 1\u00ba de Maio, optou por assumir a responsabilidade total pela sua continuidade, havendo ent\u00e3o um novo Clube de Remo desde 17 de mar\u00e7o de 2017.<\/p>\n\n\n\n<p>Em 24 de julho de 2020 o N\u00facleo de Antigos Remadores da Associa\u00e7\u00e3o Naval 1\u00ba de Maio adota a denomina\u00e7\u00e3o de \u201cAssocia\u00e7\u00e3o Desportiva Naval Remo \u2013 ADNR\u201d.<\/p>\n","protected":false},"excerpt":{"rendered":"<p>O Remo \u00e9 um desporto que tem ra\u00edzes long\u00ednquas na Figueira da Foz. A t\u00edtulo de exemplo a Associa\u00e7\u00e3o Naval 1\u00ba de Maio, criada no dia 1\u00ba de Maio de 1893, acaba por se confundir com a eleva\u00e7\u00e3o da pr\u00f3pria Figueira da Foz \u00e0 categoria de Cidade, apenas 11 anos antes em 1882. Esta \u00e9 [&hellip;]<\/p>\n","protected":false},"author":2,"featured_media":0,"parent":0,"menu_order":0,"comment_status":"closed","ping_status":"closed","template":"","meta":{"spay_email":""},"_links":{"self":[{"href":"https:\/\/navalremo.pt\/site\/wp-json\/wp\/v2\/pages\/1016"}],"collection":[{"href":"https:\/\/navalremo.pt\/site\/wp-json\/wp\/v2\/pages"}],"about":[{"href":"https:\/\/navalremo.pt\/site\/wp-json\/wp\/v2\/types\/page"}],"author":[{"embeddable":true,"href":"https:\/\/navalremo.pt\/site\/wp-json\/wp\/v2\/users\/2"}],"replies":[{"embeddable":true,"href":"https:\/\/navalremo.pt\/site\/wp-json\/wp\/v2\/comments?post=1016"}],"version-history":[{"count":1,"href":"https:\/\/navalremo.pt\/site\/wp-json\/wp\/v2\/pages\/1016\/revisions"}],"predecessor-version":[{"id":1017,"href":"https:\/\/navalremo.pt\/site\/wp-json\/wp\/v2\/pages\/1016\/revisions\/1017"}],"wp:attachment":[{"href":"https:\/\/navalremo.pt\/site\/wp-json\/wp\/v2\/media?parent=1016"}],"curies":[{"name":"wp","href":"https:\/\/api.w.org\/{rel}","templated":true}]}}